2).
-4
Let h(u) = u + 5. Suppose -o + 0*o + 198 = 5*c, -5*o + 93 = 2*c. Let b be -2*34/12 + (-13)/c. What is h(b)?
-1
Let z = -2431 + 2423. Let m(q) = 4*q + 8. Give m(z).
-24
Suppose 54*o = 50*o + 16. Let j be (0 - (-44)/(-4)) + (o - 0). Let y(g) = g - 4. Determine y(j).
-11
Let o(n) = -n**3 + 2*n**2 - 5*n - 8. Let h be o(4). Let x be -4*(-6 - h/8). Let l(v) = -v**3 - 6*v**2 + 6. Determine l(x).
6
Let c(y) = 2*y + 51 + 56 + 49 - 164 - 14*y. Determine c(-5).
52
Let v = 1474 + -819. Let j = v + -652. Let c(p) = -2*p - 3. Calculate c(j).
-9
Let h(u) = -11*u**3 - 11*u**2 - 3*u + 11. Let l(w) = -15*w**3 - 12*w**2 - 4*w + 13. Let i(y) = 4*h(y) - 3*l(y). Determine i(7).
-44
Let c(t) = -124*t + 34. Let f(d) = -164*d + 35. Let a(l) = -4*c(l) + 3*f(l). Determine a(-7).
-59
Let q(p) = -3*p + 51. Suppose -14*x = 10*x - 0*x + 8*x. What is q(x)?
51
Suppose -25 = -5*b - 4*a, 4*b - 5*b = 3*a - 5. Suppose 0 = 4*z - 2*p + 4, 5*z + b*p = p + 21. Let o(c) = 5*c**2 - 4*c**2 - z + c + 0 + 6*c. Calculate o(-6).
-7
Let k(f) = -82*f + 178. Let b(t) = -30*t + 59. Let m(h) = 11*b(h) - 4*k(h). What is m(-17)?
-29
Let a(x) = 13 + 0 + 521*x - 522*x. Determine a(2).
11
Let t(d) = -2*d**2 + 1. Let c(f) = f**2 + 37*f + 189. Let q be c(-31). What is t(q)?
-17
Let f(n) = -n**3 + 6*n - 2. Let a(p) = -p**3 + p - 1. Let q be (-92)/22 - (0 + 12/(-66)). Let s(m) = q*a(m) + f(m). Determine s(-1).
-3
Suppose -5*z = f - 43, 5*f - 6*f = z - 27. Let n(q) = q**2 - 31*q - 209. Let x be n(37). Let d(v) = -4*v + f + 1 - x + 3*v. Determine d(0).
11
Let q(p) = -4*p**2 - 2*p - 4. Suppose -6*a + 2*a - u = 95, 0 = -2*a - 4*u - 44. Let b be 75/a + (-4)/(-32). Calculate q(b).
-34
Let s(d) be the second derivative of -11*d**3/3 - 3*d**2/2 + 276*d. Determine s(-1).
19
Let b(q) = -9*q + 16. Let n(d) = d. Let o(v) = -b(v) - 6*n(v). Let c be (-1 - 14/10)*15/(-3). Give o(c).
20
Let h(f) = -5*f**2 + 13*f + 9. Let s(t) = 11*t**2 - 27*t - 20. Let i(k) = 13*h(k) + 6*s(k). Let m = -89 - -82. Determine i(m).
-3
Let c(x) = 11 + 38*x**2 + 48*x**2 + 34*x**2 - 118*x**2 + 40*x. Determine c(-20).
11
Let s(t) = 12*t + 26. Let o(p) = 17*p + 38. Suppose 154 = -4*l + 26*l. Let v(g) = l*s(g) - 5*o(g). What is v(-6)?
-2
Let a = 8427 + -8434. Let k(j) = j**2 + 9*j + 23. What is k(a)?
9
Let a(q) = 14*q**2 + 6*q + 1. Suppose w + 12 = 4*z - 8*z, 0 = -5*w - 3*z - 9. Give a(w).
1
Suppose 5*w = -5*d + 25 + 20, 0 = -w + 5*d + 33. Let c(y) = -24*y + 6*y - w*y. What is c(-1)?
31
Suppose -4*r - 8 = -12*r. Let v(q) = 7*q**3 + 8*q**2 + 3*q + 4. Let x(n) = n**3 + 2*n**2 + n + 1. Let k(l) = r*v(l) - 5*x(l). Calculate k(-1).
-3
Let o(i) = 3*i - 1. Let y(g) = 40*g - 52*g + 25*g - 3. Let w(x) = 4*o(x) - y(x). What is w(-11)?
10
Let j(v) = 140*v + 1117. Let c be j(-8). Let h(m) be the first derivative of m**2 + 6*m + 5. What is h(c)?
0
Let u(m) = 4*m**2 + 1. Let c(q) be the second derivative of q**4/4 + q**2/2 - q. Suppose -569 + 554 = -3*f. Let l(w) = f*c(w) - 4*u(w). Determine l(-2).
-3
Suppose 102*m - 232 - 137 = -21*m. Let d(k) = -20*k + 64. Give d(m).
4
Let v(f) = 2*f - 38. Let s(w) = -w + 19. Let p(m) = 7*s(m) + 4*v(m). Determine p(12).
-7
Let m be ((-2)/(-6))/(1/12). Let c(l) = l + 17*l - m - 5*l. Let o(s) = 4*s - 1. Let a(r) = -2*c(r) + 7*o(r). What is a(-7)?
-13
Let f(p) = -p**3 - p**2 + p. Let o = 702 + -697. Suppose 5*y - u = 4, -o*y - 8 = 3*u + 4. What is f(y)?
0
Let g(a) = a - 7. Let c = 1375 + -262. Let d be c/49 - 2/(-7). Suppose d = 5*m - 4*b, 0 = -2*m - 2*b + 2 + 18. Calculate g(m).
0
Let k = 2680 + 152. Let i(n) = k + 4*n - 36*n**2 - 5*n - 2832. Calculate i(-1).
-35
Let m(s) = -10*s + 1. Let w be 25/9 + 6/27 - 1. Suppose -7*f + 300 = -w*f. Suppose 0 = -t - f + 61. Determine m(t).
-9
Let x = 6 + -3. Let s(q) = 8*q - 2 - 5*q + q**x + 0*q - q**2. Let a = -1501 + 1503. What is s(a)?
8
Let z(s) = s**2 + s - 7. Let q = -7960 - -7956. Calculate z(q).
5
Let u = -7214 + 7237. Let g(p) = -p**2 + 28*p - 1. Give g(u).
114
Let n(y) = y**2 - 3*y - 38. Let k = 2134 + -2139. Give n(k).
2
Let g(p) = -2*p + 15. Let y = -216 + 222. Suppose y*h = -16 + 64. What is g(h)?
-1
Suppose 0 = 3*g + 5*k - 53, 953 = 4*k + 925. Let t(d) be the second derivative of 5/2*d**2 + 2*d - 1/6*d**3 + 0. Determine t(g).
-1
Let v be (-5)/25*-35 + -2. Let l(d) = -3*d - 7*d - 3 + 12*d + d**3 - v*d. Give l(-2).
-5
Let d(x) = -6*x + 115. Let p(u) = 11*u - 195. Let g(c) = 5*d(c) + 3*p(c). Calculate g(2).
-4
Let l(j) be the first derivative of -j**4 - 2*j**3/3 - 2*j**2 + 4*j - 2799. Calculate l(1).
-6
Let a(p) = -4*p + 50. Suppose 44*o = -94*o + 2346. Give a(o).
-18
Let o(d) = -d**3 - 6*d**2 + 5*d + 4. Let s(y) = -y**3 - 8*y**2 + 5*y + 5. Let t(a) = -6*o(a) + 5*s(a). Calculate t(5).
1
Suppose 185*w - 191 + 2990 = -126*w. Let g(b) = -b**3 - 9*b**2 + b - 17. Calculate g(w).
-26
Let a(b) be the third derivative of 21*b**6/40 - b**5/30 - b**4/24 + b**3/3 - 15*b**2 - 10*b. Determine a(1).
62
Let i(z) = -z**3 + 6*z**2 - 5*z - 2. Let n be 80/(-32)*(-2 + (-78)/(-15)). Let j = 16 - 29. Let r = n - j. What is i(r)?
-2
Let r(u) = 2*u**2 + 1. Suppose 0 = -a - 315 + 317. Determine r(a).
9
Let m(p) = p**3 + 47*p**2 + 175*p + 127. Let q be m(-43). Let k(r) = -36*r - 44. Calculate k(q).
28
Let y(w) be the first derivative of -4*w**2 - 105*w + 31. Let r be y(-14). Let h(p) = -p + 10. Determine h(r).
3
Let z(f) = 3*f + 50. Suppose -88*m - 515 = 981. Determine z(m).
-1
Let d be (-12)/48 - 1/(-4). Suppose l = -5*o - d*l + 31, 4*l - 4 = 0. Let h be (-792)/(-84) + o/(-14). Let z(t) = t**2 - 9*t + 7. Calculate z(h).
7
Let j(p) = p**2 + 2*p - 12. Suppose -2*g - 281 + 253 = 5*s, -4 = -4*g. Determine j(s).
12
Let g = 381 + -376. Suppose 4*t - 2*w + 23 = 3, g*w - 20 = 4*t. Let d(q) = -q**2 - 5*q + 6. Calculate d(t).
6
Let l(u) = -u**3 + 28*u**2 + 27*u + 60. Let j be l(29). Let q(k) = 0*k**2 - k**3 - j*k**2 + 3*k**2 + 1 + 5*k + 3*k**2. Calculate q(4).
21
Let j(p) = 6 + 66*p - 240*p + 89*p + 10*p**2 + 88*p. Determine j(-2).
40
Let r(m) = m**2 + 20*m + 8. Suppose -719 = 75*s - 78 + 784. Calculate r(s).
-11
Let o(x) = -4*x - 125. Let k = -2995 + 2962. Give o(k).
7
Let u(z) be the first derivative of 3*z**4/2 - 8*z**3/3 - 19*z**2/2 + 49. Let w(i) = -7*i**3 + 7*i**2 + 20*i - 2. Let h(y) = -6*u(y) - 5*w(y). What is h(14)?
10
Let j(f) = -f**2 - 7*f + 7. Suppose 580 - 2180 = 5*l. Let b = 314 + l. What is j(b)?
13
Let v be 1*(-3)/(6/10). Let u(k) be the third derivative of k**5/120 - k**4/12 - 85*k**3/6 + 33*k**2 - 3. Let s(i) be the first derivative of u(i). Give s(v).
-7
Let t(j) = -j**3 + 9*j**2 - 13*j - 7. Let x = 4097 - 4090. Determine t(x).
0
Suppose -16*c = 8*c - 288. Let w(n) = -n**3 + 12*n**2 + 2*n - 21. What is w(c)?
3
Let m(r) be the first derivative of 14*r + 6 - 5/3*r**3 - 1/4*r**4 + 9/2*r**2. Determine m(-6).
-4
Let n be 24/(-84)*(-49)/21. Let j(r) be the third derivative of 0 + 0*r + n*r**3 + 6*r**2 + 1/3*r**4. Calculate j(-3).
-20
Let q(i) be the first derivative of -7*i**2 - 78*i - 107. Let c be q(-6). Let h(a) be the second derivative of -a**3/3 + 3*a**2 + a. Give h(c).
-6
Suppose -78*s - 162 = -24*s. Let z(l) = 43*l + 122. Determine z(s).
-7
Suppose -1 = 2*q + n, 0 = 2*q - 16*n + 12*n - 14. Let s(p) = p + 1. Let x(k) = 15*k + 12. Let f(o) = q*x(o) - 18*s(o). What is f(-4)?
6
Let g(d) be the third derivative of -1/24*d**4 - 2*d**2 + 0 - 1/6*d**3 - 21*d. Give g(3).
-4
Let j(y) be the first derivative of 1/3*y**3 - 48 - 3/2*y**2 + 2*y. Suppose -15 = -3*w - 4*r, -w - 3*w + 4*r = -20. Calculate j(w).
12
Let f(l) = -31*l**3 + 56*l**2 + 23*l - 59. Let i(a) = -13*a**3 + 24*a**2 + 10*a - 25. Let x(m) = 8*f(m) - 19*i(m). Let n = 11 + -18. Determine x(n).
-4
Let p(z) = -z + 5. Let l(k) = k**2 + k + 2. Suppose 0 = -g + 10*g. Let m be l(g). Suppose m*s + 39 = 31. Determine p(s).
9
Let r(y) = -4*y + 9. Let h(b) = 5*b - 9. Let u(k) = -2*h(k) - 3*r(k). Let m = 69 + -63. What is u(m)?
3
Let l(f) be the second derivative of -f**5/20 + 5*f**4/2 - 55*f**3/6 + 4*f**2 - 494*f. Determine l(28).
36
Let l(v) = -2*v**3 + 11*v**2 + 6*v - 3. Suppose 906 = -74*y + 225*y. Determine l(y).
-3
Let t = 1/99 - -32/99. Let w(f) be the first derivative of -8*f + 1/2*f**2 + 22 - t*f**3. Calculate w(0).
-8
Let h(p) = 6*p - 6. Let f(n) = -n - 3. Let d(g) = 42*g - 144. Let t(v) = -d(v) + 2*f(v). Let q be t(3). Give h(q).
3